reds digit of 100600?
6
What is the thousands digit of 1574?
1
What is the units digit of 4580?
0
What is the ten thousands digit of 33355?
3
What is the units digit of 1314?
4
What is the thousands digit of 4708?
4
What is the tens digit of 17798?
9
What is the hundreds digit of 81638?
6
What is the thousands digit of 1654?
1
What is the ten thousands digit of 14289?
1
What is the tens digit of 20193?
9
What is the tens digit of 9606?
0
What is the thousands digit of 58610?
8
What is the thousands digit of 77760?
7
What is the hundreds digit of 32491?
4
What is the ten thousands digit of 125076?
2
What is the tens digit of 64291?
9
What is the hundreds digit of 4233?
2
What is the units digit of 28504?
4
What is the units digit of 2818?
8
What is the tens digit of 10268?
6
What is the tens digit of 2645?
4
What is the thousands digit of 17370?
7
What is the units digit of 147268?
8
What is the units digit of 1075?
5
What is the hundreds digit of 5525?
5
What is the thousands digit of 7669?
7
What is the tens digit of 117537?
3
What is the tens digit of 47322?
2
What is the tens digit of 2626?
2
What is the tens digit of 1503?
0
What is the hundreds digit of 12968?
9
What is the hundreds digit of 24873?
8
What is the hundreds digit of 136278?
2
What is the hundreds digit of 704?
7
What is the units digit of 1360?
0
What is the thousands digit of 52899?
2
What is the tens digit of 313?
1
What is the hundreds digit of 8848?
8
What is the tens digit of 157?
5
What is the ten thousands digit of 13264?
1
What is the tens digit of 259?
5
What is the tens digit of 1754?
5
What is the thousands digit of 1576?
1
What is the hundreds digit of 31998?
9
What is the tens digit of 9959?
5
What is the tens digit of 10?
1
What is the units digit of 463?
3
What is the thousands digit of 8335?
8
What is the units digit of 45187?
7
What is the thousands digit of 1240?
1
What is the ten thousands digit of 79162?
7
What is the thousands digit of 2038?
2
What is the tens digit of 701?
0
What is the thousands digit of 4589?
4
What is the hundreds digit of 3121?
1
What is the hundreds digit of 179?
1
What is the hundreds digit of 1453?
4
What is the units digit of 987?
7
What is the units digit of 975?
5
What is the ten thousands digit of 103895?
0
What is the tens digit of 3178?
7
What is the ten thousands digit of 32207?
3
What is the units digit of 30250?
0
What is the thousands digit of 32230?
2
What is the tens digit of 1539?
3
What is the thousands digit of 14741?
4
What is the hundreds digit of 67146?
1
What is the units digit of 3174?
4
What is the hundreds digit of 1396?
3
What is the units digit of 1551?
1
What is the units digit of 83732?
2
What is the hundreds digit of 3577?
5
What is the tens digit of 2202?
0
What is the units digit of 89796?
6
What is the units digit of 3304?
4
What is the tens digit of 491?
9
What is the units digit of 121559?
9
What is the thousands digit of 41171?
1
What is the tens digit of 3833?
3
What is the thousands digit of 64690?
4
What is the thousands digit of 32840?
2
What is the thousands digit of 67531?
7
What is the hundreds digit of 275?
2
What is the thousands digit of 1243?
1
What is the hundreds digit of 994?
9
What is the units digit of 19746?
6
What is the thousands digit of 11689?
1
What is the thousands digit of 15583?
5
What is the thousands digit of 7237?
7
What is the units digit of 44238?
8
What is the ten thousands digit of 11110?
1
What is the hundreds digit of 2102?
1
What is the thousands digit of 9871?
9
What is the hundreds digit of 835?
8
What is the hundreds digit of 4179?
1
What is the units digit of 216?
6
What is the units digit of 4807?
7
What is the thousands digit of 35982?
5
What is the units digit of 2196?
6
What is the tens digit of 833?
3
What is the thousands digit of 7884?
7
What is the units digit of 28170?
0
What is the hundred thousands digit of 105381?
1
What is the tens digit of 361?
6
What is the units digit of 812?
2
What is the units digit of 419?
9
What is the units digit of 8154?
4
What is the thousands digit of 15616?
5
What is the tens digit of 11852?
5
What is the hundreds digit of 68565?
5
What is the tens digit of 16741?
4
What is the tens digit of 1757?
5
What is the units digit of 37202?
2
What is the units digit of 2318?
8
What is the units digit of 26379?
9
What is the units digit of 47709?
9
What is the tens digit of 647?
4
What is the units digit of 45030?
0
What is the tens digit of 291?
9
What is the hundreds digit of 43172?
1
What is the units digit of 1532?
2
What is the tens digit of 41389?
8
What is the units digit of 5016?
6
What is the units digit of 1748?
8
What is the units digit of 26484?
4
What is the thousands digit of 2128?
2
What is the hundreds digit of 197?
1
What is the thousands digit of 14412?
4
What is the thousands digit of 1935?
1
What is the tens digit of 2386?
8
What is the units digit of 313?
3
What is the units digit of 1239?
9
What is the ten thousands digit of 31973?
3
What is the tens digit of 58532?
3
What is the units digit of 1552?
2
What is the thousands digit of 7149?
7
What is the hundreds digit of 184?
1
What is the tens digit of 13391?
9
What is the thousands digit of 2035?
2
What is the tens digit of 824?
2
What is the thousands digit of 11079?
1
What is the thousands digit of 1408?
1
What is the hundreds digit of 4548?
5
What is the thousands digit of 75885?
5
What is the units digit of 23915?
5
What is the tens digit of 50689?
8
What is the thousands digit of 5554?
5
What is the tens digit of 174?
7
What is the tens digit of 42171?
7
What is the tens digit of 7395?
9
What is the thousands digit of 9127?
9
What is the ten thousands digit of 106458?
0
What is the tens digit of 30431?
3
What is the units digit of 1353?
3
What is the thousands digit of 2947?
2
What is the tens digit of 2113?
1
What is the thousands digit of 30426?
0
What is the tens digit of 677?
7
What is the ten thousands digit of 10460?
1
What is the tens digit of 16265?
6
What is the hundreds digit of 1962?
9
What is the thousands digit of 25275?
5
What is the thousands digit of 9393?
9
What is the hundreds digit of 1082?
0
What is the hundreds digit of 211717?
7
What is the hundreds digit of 1581?
5
What is the units digit of 2128?
8
What is the tens digit of 29005?
0
What is the tens digit of 35?
3
What is the tens digit of 6327?
2
What is the hundreds digit of 82992?
9
What is the units digit of 37516?
6
What is the tens digit of 2314?
1
What is the units digit of 1199?
9
What is the thousands digit of 1623?
1
What is the tens digit of 1810?
1
What is the thousands digit of 2171?
2
What is the hundreds digit of 1448?
4
What is the units digit of 10859?
9
What is the thousands digit of 3981?
3
What is the units digit of 40977?
7
What is the hundreds digit of 107334?
3
What is the tens digit of 43?
4
What is the units digit of 594?
4
What is the tens digit of 57663?
6
What is the thousands digit of 4291?
4
What is the tens digit of 5348?
4
What is the tens digit of 8038?
3
What is the thousands digit of 2403?
2
What is the ten thousands digit of 51502?
5
What is the tens digit of 3510?
1
What is the thousands digit of 25769?
5
What is the ten thousands digit of 95595?
9
What is the units digit of 58454?
4
What is the tens digit of 31395?
9
What is the units digit of 30909?
9
What is the tens digit of 10367?
6
What is the tens digit of 40147?
4
What is the units digit of 816?
6
What is the thousands digit of 1489?
1
What is the units digit of 3002?
2
What is the units digit of 3645?
5
What is the hundreds digit of 3739?
7
What is the tens digit of 341?
4
What is the units digit of 5899?
9
What is the ten thousands digit of 25147?
2
What is the tens digit of 8638?
3
What is the units digit of 282?
2
What is the hundreds digit of 129?
1
What is the hundreds digit of 42385?
3
What is the hundreds digit of 2746?
7
What is the tens digit of 57452?
5
What is the tens digit of 81558?
5
What is the hundreds digit of 7019?
0
What is the tens digit of 355?
5
What is the ten thousands digit of 14558?
1
What is the ten thousands digit of 26945?
2
What is the hundreds digit of 23866?
8
What is the units digit of 138180?
0
What is the units digit of 128025?
5
What is the